5
42 + 1 + (2380 - 2429)
-6
18 - 60 - (14 - (5 + (26 - 0)))
-25
What is -14 - -12 - 17 - (-4 - 0) - 8?
-23
Evaluate 21 + (13 - 2) - (-22 + 22 + -14).
46
What is the value of 1 + -11 - (29 - (41 + -5)) - 13?
-16
Calculate -28 + 181 - ((1 - 13) + 33).
132
What is the value of 18 - ((-355 - -335) + 93 + 0)?
-55
Evaluate -117 + (9 - -137) + -163.
-134
Calculate 9 + 25 - 25 - 24 - -21.
6
What is the value of -10 + (468 - 446) + -20 + -1?
-9
39 + 10 + -40 + (-45 - (3 + -6)) + -4
-37
What is 21 - 34 - (5 - (-1 - -22))?
3
-37 + -54 + 181 - 88
2
Calculate 108 + (56 - 144) - 9.
11
Calculate 1 + (9 - 32) + 15 + 22.
15
(-92 - (-236 - -76)) + -14
54
What is the value of 19 + 4 + 676 + -627?
72
Calculate -2 + 38 - (90 - 88 - (11 + 6)).
51
Evaluate -5 + 86 - (-13 + 0 + 30 + 5 - 12).
71
Calculate -55 + 78 + -30 + (-41 - 1).
-49
What is -207 + 221 + (-82 - -11)?
-57
What is 103 + (-1 - -5) + 10 - (-17 - (-15 - -13))?
132
Calculate 66 + 70 + -13 + -89.
34
What is -84 - (232 - 283) - (-1 - -41)?
-73
Calculate (2 - -74) + ((37 - 5) + -24 - 3).
81
What is the value of (-38 + (13 - (5 + 27)) - (0 - -1)) + 5?
-53
What is -22 + (-10 - (-130 + 54 + -14))?
58
What is -90 + -47 - (14 + (-15 + 5 - -3))?
-144
What is the value of -5 + 39 + (-640 - -621)?
15
(-60 - -51) + (31 - 26 - (0 + -1) - 24)
-27
Calculate -64 - 1 - (-5 + (11 - (4 + 16))).
-51
-13 + -1 + 14 - -38
38
Calculate -1 + 2 - (-720 + 735) - -39.
25
(2 + 66 - (-4 - (8 - 22))) + 10 - -4
72
Calculate 11 + 1 + -4 - (96 - 58 - 47).
17
Calculate (62 - (111 - 73)) + (13 - (-1 + 4)).
34
Evaluate -24 + (18 - -1) + -56.
-61
What is 1 - (-2 - -86) - (41 - (48 - (-26 - -28)))?
-78
Evaluate 65 - 164 - -78 - (-17 - 3).
-1
(1 - -1) + (-260 - -314) - 24
32
Calculate -14 - 0 - (111 - (-6 - -6 - -13)).
-112
What is 4 + (8 - (0 + -7 - (-4 - 57)))?
-42
Calculate -4 + -1 + 12 + (27 - (19 + -13)) + 4.
32
Calculate -7 - (35 + (30 - (41 - 28))).
-59
What is the value of 4 + (1 - -3) + 7 - (-7 + -9 + 16)?
15
-13 + 18 - (2 + 10) - (-13 - -105)
-99
What is the value of (-1 - -13) + 13 + (50 + -10 - -1) + -27?
39
520 + -474 - (5 + (5 - 1))
37
What is the value of -8 - (7 - 18) - (13 + 13 + 11)?
-34
Evaluate (12 - 6) + (-9 - ((13 - 31) + -12)).
27
1 + 18 - (-114 - (-241 + 84))
-24
What is -11 + 1 + (0 - 10) + (43 - 93) + 28?
-42
Calculate -52 + 90 + (213 - 128).
123
-5 - (67 + -12) - 34
-94
What is -1436 + 1296 - (5 + -78)?
-67
Calculate 18 + -18 + (2 - (-37 + 16)) + -104.
-81
What is (-155 - (80 - 285)) + -172?
-122
What is -22 + (-18 - (37 - 99)) + -16?
6
-8 + (-42 - 1) + -94 + 124
-21
Evaluate (441 - 440) + ((2 - 3) + 2 - -10) - -22.
34
Calculate 36 - (2 - 42) - 44.
32
Calculate 89 + (-8 - (-2 + 22 - (-8 - -53))).
106
What is 69 + (-14 - -15) + (1 - 5) - 10?
56
What is the value of 16 - (31 + 11 + -34 + (1 - 8))?
15
7 + 8 + -22 + 27 - -3
23
What is the value of -1 + -1 + (-2 + -28 - -21) - 54?
-65
What is -9 + -1 + (13 - -1) + (-6 - 11) - 15?
-28
Calculate (-2 - (-14 - -13)) + (10 - (4 + 0)) + 9.
14
Calculate 1 - (0 + -19) - (235 + 19 + -278).
44
0 + -9 + -11 + (3 - -14) + (-42 - 1)
-46
What is -128 + 105 + (16 - 3)?
-10
(-98 - -57 - 42) + 11 + 6
-66
What is the value of (-58 - (9 + -1 + -6)) + (40 - 25)?
-45
Evaluate 1 - -19 - (7 - 2 - -7) - (-6 + 75).
-61
What is 2 + 10 + 1 + (-11 - -1) + (73 - 9)?
67
What is -10 - (-8 - (-5 + 5 + -10) - (1 - 54))?
-65
Calculate 5 + 5 + -65 + -49 + 14.
-90
34 + -21 + -537 + 523
-1
Evaluate 25 + -72 - 25 - -1.
-71
(6 - (21 - 2)) + 0 + 4 - 0
-9
Evaluate -21 + (52 - 51) + -15 + 51 + -1.
15
Calculate 54 + (-85 - -90) - 118.
-59
Evaluate 8 + (-44 - (-23 + -10)) - (-2 + -7).
6
What is the value of 93 + (-232 - 84) - -105?
-118
What is 0 + ((-1 - -1) + 4 - 1) - (-3161 - -3164)?
0
What is 43 - ((18 - -2) + (-39 - -17))?
45
(111 - 34) + 57 - 81
53
Calculate -218 + 224 - (-9 + -7 + 7).
15
What is (0 - -82) + (7 - 3) + (-1433 - -1445)?
98
-27 + (28 - (36 - 68))
33
What is 65 + -26 + -35 - 75?
-71
-5 + (36 - 17 - 26) + -3 + (-2 - -62)
45
Calculate -6 + (38 - (-5 + (-9 - (-12 - (1 - -4))))).
29
-30 - (11 - 54) - (-5 + -17)
35
Calculate 33 + (12 - 60) + 49.
34
22 + (-365 - -280) + -28 + 0
-91
What is -24 + 16 + 24 - 29 - -15?
2
What is 10 + -11 + 13 + -7 + 0?
5
What is (-17 + 58 - 23) + (-2 - -10)?
26
Evaluate 2 + -15 - (19 - (-62 + 106)).
12
What is the value of -34 + 27 - (-4 + 3 + -45)?
39
-6 + ((9 - 9) + (0 - -6) - -3) + 8
11
Evaluate 116 + -2 - (43 + 191).
-120
What is the value of -17 - (253 - 246 - (0 + 16))?
-8
Evaluate 11 - (12 + (-3 - 6) - -7) - (-7 + -17).
25
Evaluate (8495 - 8506) + (4 + -7 - (1 + -5 + -34)).
24
20 - (903 + -880 + -1 + 46)
-48
What is -56 + -10 + -81 + 54?
-93
-2 + -24 + 1 + 16
-9
What is the value of -12207 - -12196 - (122 - -1)?
-134
Calculate 9 + -1 + (-1 - (-21 - -24)) + 1 + 8.
13
Evaluate (11 - (7 - -4)) + -7 + 48 + -17.
24
What is the value of 68 - (-25 + 112) - (-2 - -20)?
-37
(1 - 2) + 4 + (-72 - -21) + 16
-32
Calculate 119 + -143 + (-24 - -27).
-21
What is (7 - -15) + 45 + (43 - 89)?
21
What is the value of -3 + -10 - (24 - 2) - 38?
-73
What is (-32 + -10 - 4) + 65?
19
What is -5 - (-34 + -2 + -7 + 22 + (1 - -2))?
13
What is (-34 + 2 - 0) + -2 + (-105 - (-15 + -83))?
-41
-13 + (-8 + (-8 - 0) - (8 + 1))
-38
-68 + 76 - -68 - 42
34
What is (-1 - 4 - -27) + -93 + 82 + -4 + 5?
12
What is 17 - 8 - (-7 - ((-6 - -2) + 8))?
20
Evaluate -22 - -49 - (-26 + 5).
48
(-8 - ((17 - 8) + -12 + 36)) + 3
-38
Evaluate -4 + 24 + 101 + (4 - 20).
105
Calculate -6 + -6 + (7 - (-24 - -18 - (-5 - -1))).
-3
Evaluate (-2 - 39) + 0 + (-14 - (2 - 24)) - 3.
-36
Evaluate 723 - 656 - (128 + -4).
-57
What is 30 + (11 - 36) + -3 + -15?
-13
What is the value of (84 + -43 - 54) + -3 + -56?
-72
What is the value of (-7 + 23 - 10) + (-2 - (-8 - -74) - 2)?
-64
Calculate (1 - -1) + (46 - 2 - (23 - -40 - 60)).
43
What is the value of (-26 + 33 - 10 - ((9 - 5) + -12)) + -2?
3
What is the value of (1 - -6) + -43 + (-4 - -32 - 36)?
-44
What is the value of 30 + 55 - 54 - 39?
-8
What is the value of 201 - 216 - (3 + -97 + (-6 - -10))?
75
Evaluate (7 - 1) + -20 + 44 + -39 - 7.
-16
Calculate (-924 - -936 - (54 + 1)) + 30.
-13
Calculate (-17 - (-2 - 14)) + 13 + -25 + 73.
60
What is (-8 - (-20 + (16 - 20) - -93)) + (3 - -1)?
-73
What is -51 - 0 - (3354 + -3366)?
-39
What is the value of (-67 - 5) + -1271 + 1303?
-40
What is the value of (4 - 11) + (26 + 81 - (1 + 8 + -5))?
96
Calculate -12 - -4 - (-17 - 12 - -13 - -24).
-16
(6 - (6 - (9 - 11))) + 11 + 21
30
What is (5 - 2 - (-7 - -16)) + -59 - -7?
-58
What is the value of 24981 - 24989 - (9 - (-4 + (1 - -1)))?
-19
Calculate (40 - 37) + (-61 + (-2 - 0) - 2).
-62
Evaluate 3 + (-47 - (-53 - -29)).
-20
Evaluate 38 + 34 + 6 + 18 + -11.
85
-72 + -129 + 207 + -63
-57
Evaluate 14 - (-24 + -24 + 32).
30
Calculate -33 + (-15 - (16 - 24)) - (2 + -5).
-37
Calculate 388 + -361 + (-3 - -19).
43
(55 - (6 + -18 + -40)) + -18
89
What is -5 + -109 + 75 - (0 - (16 + 1))?
-22
What is the value of 49 + ((-41 - -56) + -9 + -2 - (3 - 12))?
62
What is the value of (-218 - -99) + 217 - 141?
-43
Evaluate (-11 - -23) + -24 + 6 + -6 + (10 - -1).
-1
Evaluate 17 + 3 - (-26 - -68).
-22
Calculate -18 + 9 + -12 + -16 + 16.
-21
Evaluate (3 + 1 - -2 - 0 - -5) + 1307 + -1287.
31
Calculate (0 - 32) + -5 + -1 + 21 - -61.
44
Evaluate -20 - (-5 - 60 - 26).
71
Evaluate 5583 - 5509 - (43 + (2 - 0)).
29
Calculate 25 + -10 + 18 + 22 + -21.
34
Calculate -300742 + 300831 + (0 + -7 - (-1 - 0)).
83
What is the value of -44 + -163 + 218 - (0 + 0 + -1 + -101)?
113
What is 80 + (0 + 11 - (20 + 13 + -17))?
75
What is the value of -4 + 2 + -3 + 2 - (-2 + 36 - 32)?
-5
88 - ((-78 - -99) + -17)
84
What is 1 - 0 - (21 + -24 - -98 - 31)?
-63
What is 17 + (72 - 44) + -14 - (-1 - -5)?
27
Evaluate -2 - (1 + -63 + 29 + (136 - 142)).
37
Calculate (-35 - (0 + -2) - (35 + -46 - -20)) + -7.
-49
Evaluate (3 - -2) + -39 + 425 + -427.
-36
What is the value of -338 - -372 - (-2 + -3 - -3 - 11)?
47
What is 16 - ((107 - 1) + 235 + -239)?
-86
What is the value of -394 + 393 - (-2 - (-1 + (0 - -4))) - 79?
-75
What is (147 - 57 - 4) + -58?
28
-18 + (-28 - -95) - 15
34
5 - (4 + 31) - (-1302 - -1198)
74
What is the value of 9 + (-92 - (-144 - 8))?
69
Calculate (-16271 - -16259) + (0 + (-1 - -2) - -63).
52
What is -40 - -46 - (-2 - (5 - 11))?
2
(3